ctors of 3029291505?
3, 5, 19, 1223, 2897
List the prime factors of 353506977.
3, 2617, 5003
What are the prime factors of 395695462?
2, 197847731
What are the prime factors of 570000149?
293, 1945393
List the prime factors of 7579271859.
3, 2526423953
List the prime factors of 33676404.
2, 3, 2806367
List the prime factors of 189350106.
2, 3, 11, 29, 98929
What are the prime factors of 2570623?
11, 233693
What are the prime factors of 794057198?
2, 11, 23, 47, 173, 193
List the prime factors of 35096603.
131, 267913
What are the prime factors of 180003894?
2, 3, 7, 4285807
List the prime factors of 1175035057.
7, 167862151
What are the prime factors of 4240559592?
2, 3, 3491, 16871
What are the prime factors of 80484693?
3, 1787, 15013
List the prime factors of 50632103.
17, 883, 3373
What are the prime factors of 95104527?
3, 7, 4528787
What are the prime factors of 192722864?
2, 29, 313, 1327
List the prime factors of 1013100809.
7, 229, 613, 1031
List the prime factors of 463242375.
3, 5, 29, 4733
List the prime factors of 49764627.
3, 11, 17, 29569
What are the prime factors of 3165576164?
2, 791394041
List the prime factors of 969213143.
969213143
List the prime factors of 193334811.
3, 103, 137, 4567
What are the prime factors of 235840517?
11, 79, 271393
List the prime factors of 3125791460.
2, 5, 11, 19, 359, 2083
What are the prime factors of 4435514994?
2, 3, 23, 271, 118603
List the prime factors of 487344398.
2, 2161, 112759
What are the prime factors of 93759631?
7, 89, 150497
List the prime factors of 284136298.
2, 19, 79, 94649
List the prime factors of 1353282.
2, 3, 7, 4603
List the prime factors of 2441661342.
2, 3, 223, 1824859
What are the prime factors of 829101279?
3, 13171, 20983
What are the prime factors of 76720920?
2, 3, 5, 47, 61, 223
What are the prime factors of 2900055731?
2900055731
What are the prime factors of 1175216233?
7417, 158449
What are the prime factors of 34343739?
3, 1013, 3767
What are the prime factors of 13418607?
3, 4472869
List the prime factors of 1851663364.
2, 462915841
What are the prime factors of 415066036?
2, 7, 11, 1347617
What are the prime factors of 345154546?
2, 11, 15688843
What are the prime factors of 26979972?
2, 3, 2248331
What are the prime factors of 112937504?
2, 1093, 3229
List the prime factors of 1520628332.
2, 380157083
List the prime factors of 475198967.
61, 7790147
List the prime factors of 385411785.
3, 5, 11, 71, 167, 197
List the prime factors of 492247402.
2, 19, 43, 71, 4243
What are the prime factors of 1094768671?
1094768671
List the prime factors of 271206909.
3, 359, 83939
List the prime factors of 900537273.
3, 151, 662647
What are the prime factors of 37605928?
2, 4700741
List the prime factors of 103108045.
5, 20621609
List the prime factors of 215485740.
2, 3, 5, 409, 2927
What are the prime factors of 13052556?
2, 3, 11, 10987
What are the prime factors of 7737120673?
23, 107, 136691
List the prime factors of 78917879.
103, 701, 1093
List the prime factors of 126713320.
2, 5, 3167833
List the prime factors of 50995156.
2, 131, 307, 317
What are the prime factors of 739456411?
89, 8308499
List the prime factors of 1187388802.
2, 79, 151, 157, 317
What are the prime factors of 540893516?
2, 135223379
List the prime factors of 195820519.
195820519
List the prime factors of 2372559951.
3, 751, 1053067
What are the prime factors of 1120090124?
2, 79, 107, 157, 211
What are the prime factors of 80764296?
2, 3, 89, 37811
What are the prime factors of 61557101?
61557101
What are the prime factors of 132818316?
2, 3, 11068193
List the prime factors of 1370767555.
5, 41, 397, 16843
List the prime factors of 4212302288.
2, 6469, 40697
List the prime factors of 419636351.
29, 37, 47, 53, 157
List the prime factors of 1387003184.
2, 7, 29, 43, 9931
What are the prime factors of 1221782976?
2, 3, 503, 4217
What are the prime factors of 82686756?
2, 3, 487, 14149
What are the prime factors of 628176899?
7, 73, 1229309
List the prime factors of 474364392.
2, 3, 19765183
List the prime factors of 19551683.
17, 263, 4373
What are the prime factors of 28822656?
2, 3, 47, 1597
List the prime factors of 43508353.
7, 263, 23633
List the prime factors of 221331898.
2, 23, 281, 17123
List the prime factors of 1260715167.
3, 140079463
What are the prime factors of 232933565?
5, 137, 340049
List the prime factors of 34526164.
2, 71, 121571
What are the prime factors of 65485922?
2, 23, 1423607
List the prime factors of 4244131308.
2, 3, 19, 18614611
List the prime factors of 72006800.
2, 5, 31, 5807
List the prime factors of 336865712.
2, 89, 236563
What are the prime factors of 4857756568?
2, 7, 6037, 14369
What are the prime factors of 1234427583?
3, 263, 677, 2311
List the prime factors of 1580443749.
3, 173, 1015057
What are the prime factors of 2849937726?
2, 3, 474989621
What are the prime factors of 581232409?
47, 163, 75869
What are the prime factors of 100196321?
43, 2330147
What are the prime factors of 1530645436?
2, 382661359
What are the prime factors of 181638493?
43, 389, 10859
List the prime factors of 1203679987.
3643, 330409
List the prime factors of 49017332.
2, 7, 13, 311, 433
List the prime factors of 3633730.
2, 5, 363373
What are the prime factors of 54912134?
2, 53, 701, 739
What are the prime factors of 3005633926?
2, 47, 31974829
List the prime factors of 4021006896.
2, 3, 27923659
List the prime factors of 1099437052.
2, 7, 19, 108769
List the prime factors of 254892082.
2, 6379, 19979
What are the prime factors of 12670728?
2, 3, 7, 199, 379
List the prime factors of 370137751.
37, 10003723
What are the prime factors of 69736982?
2, 7, 41, 121493
List the prime factors of 41698439.
53, 786763
List the prime factors of 42440685.
3, 5, 7, 404197
What are the prime factors of 2847843655?
5, 17, 739, 45337
What are the prime factors of 40537419?
3, 13, 1039421
List the prime factors of 72991175.
5, 2919647
List the prime factors of 556812484.
2, 827, 168323
What are the prime factors of 160816825?
5, 13, 167, 2963
What are the prime factors of 110573553?
3, 613, 60127
What are the prime factors of 4356531788?
2, 7, 79, 281357
List the prime factors of 8329684.
2, 11, 189311
List the prime factors of 161316312.
2, 3, 31, 53, 4091
List the prime factors of 61985521.
13, 139, 34303
What are the prime factors of 589564451?
7, 23, 61, 173, 347
What are the prime factors of 94912139?
7, 17, 797581
List the prime factors of 131304480.
2, 3, 5, 273551
What are the prime factors of 890698863?
3, 997, 297793
List the prime factors of 241443266.
2, 73, 1653721
List the prime factors of 5210999925.
3, 5, 1823, 38113
List the prime factors of 107803316.
2, 26950829
List the prime factors of 7373691.
3, 13, 19, 31, 107
List the prime factors of 371269169.
227, 1635547
What are the prime factors of 48988362?
2, 3, 179, 45613
What are the prime factors of 2309123387?
23, 100396669
List the prime factors of 90350134.
2, 7, 997, 6473
List the prime factors of 723923566.
2, 361961783
What are the prime factors of 255310880?
2, 5, 11, 145063
List the prime factors of 470657772.
2, 3, 13, 1005679
List the prime factors of 42561341.
42561341
List the prime factors of 817872384.
2, 3, 7, 29, 43, 61
What are the prime factors of 711460640?
2, 5, 11, 36749
List the prime factors of 36200362.
2, 11, 181, 9091
List the prime factors of 1197014973.
3, 7, 11, 569, 1301
List the prime factors of 70195361.
1123, 62507
What are the prime factors of 45919785?
3, 5, 383, 7993
List the prime factors of 593286542.
2, 296643271
What are the prime factors of 462089399?
462089399
List the prime factors of 47482682.
2, 13, 1826257
List the prime factors of 532924608.
2, 3, 2775649
List the prime factors of 213937752.
2, 3, 7, 577, 2207
What are the prime factors of 713459437?
713459437
List the prime factors of 106720141.
11, 9701831
List the prime factors of 28640618.
2, 1987, 7207
What are the prime factors of 725977490?
2, 5, 7, 10371107
What are the prime factors of 718017206?
2, 29, 157, 2719
List the prime factors of 37766875.
5, 60427
List the prime factors of 1735311502.
2, 101, 1423, 6037
List the prime factors of 357470512.
2, 7, 101, 31601
What are the prime factors of 17839861?
